{"id":124,"date":"2023-02-26T17:21:51","date_gmt":"2023-02-26T16:21:51","guid":{"rendered":"https:\/\/zaciszewgolubiu.pl\/site\/?page_id=124"},"modified":"2024-07-01T17:31:20","modified_gmt":"2024-07-01T15:31:20","slug":"pomieszczenia","status":"publish","type":"page","link":"https:\/\/zaciszewgolubiu.pl\/index.php\/pomieszczenia\/","title":{"rendered":"Pomieszczenia"},"content":{"rendered":"<section class=\"wpb-content-wrapper\"><p>[vc_row][vc_column][vc_column_text]<strong>Salon<\/strong><\/p>\n<p>Sercem domu i g\u0142\u00f3wnym miejscem do \u017cycia, jedzenia i rekreacji jest salon, kt\u00f3ry po\u0142\u0105czony z kuchni\u0105, zajmuje oko\u0142o 72 m2. Przestronne drzwi balkonowe otwieraj\u0105 przestrze\u0144 na taras \u2013 miejsce z pi\u0119knym widokiem na jezioro i las. Drewniane meble tarasowe zach\u0119caj\u0105 do spo\u017cywania posi\u0142k\u00f3w, a cztery \u0142\u00f3\u017cko-le\u017caki \u2013 do korzystania z k\u0105pieli s\u0142onecznych.<br \/>\nPok\u00f3j wyposa\u017cony jest w wygodne, mi\u0119kkie meble wypoczynkowe oraz du\u017cy st\u00f3\u0142 jadalny z dwiema \u0142awami. Wieczorami mo\u017cna umila\u0107 sobie czas pal\u0105c w kominku.<\/p>\n<p><strong>Kuchnia<\/strong><\/p>\n<p>Kuchnia jest w pe\u0142ni wyposa\u017cona \u2013 mamy elektryczn\u0105 kuchni\u0119 z p\u0142yt\u0105 ceramiczn\u0105 oraz piekarnikiem, kuchni\u0119 mikrofalow\u0105, zestaw garnk\u00f3w i patelni, mikser oraz naczynia, sztu\u0107ce i przyrz\u0105dy kuchenne.<\/p>\n<p><strong>Ma\u0142a sypialnia<\/strong><\/p>\n<p>To pomieszczenie, w kt\u00f3rym wygodnie mog\u0105 mieszka\u0107 trzy osoby (s\u0105 trzy pojedyncze \u0142\u00f3\u017cka) lub rodzice z jednym dzieckiem. Pok\u00f3j posiada wyj\u015bcie na balkon z widokiem na las, usytuowany na p\u00f3\u0142nocny wsch\u00f3d.<\/p>\n<p><strong>Du\u017ca sypialnia<\/strong><\/p>\n<p>To przestrze\u0144 dla czterech os\u00f3b \u2013 s\u0105 dwa pojedyncze \u0142\u00f3\u017cko oraz jedno podw\u00f3jne. Wszystkie \u0142\u00f3\u017cka posiadaj\u0105 wygodne, nowoczesne materace spr\u0119\u017cynowe. Sypialnia posiada wyj\u015bcie na balkon z widokiem na jezioro, skierowany na po\u0142udniowy zach\u00f3d.[\/vc_column_text][\/vc_column][\/vc_row][vc_row][vc_column][vc_gallery type=&#8221;image_grid&#8221; images=&#8221;131,132,133,134,135,136,137,138,139,140,141,142&#8243;][\/vc_column][\/vc_row]<\/p>\n<\/section>","protected":false},"excerpt":{"rendered":"<p>[vc_row][vc_column][vc_column_text]Salon Sercem domu i g\u0142\u00f3wnym miejscem do \u017cycia, jedzenia i rekreacji jest salon, kt\u00f3ry po\u0142\u0105czony z kuchni\u0105, zajmuje oko\u0142o 72 m2. Przestronne drzwi balkonowe otwieraj\u0105 przestrze\u0144 na taras \u2013 miejsce z pi\u0119knym widokiem na jezioro i las. Drewniane meble tarasowe zach\u0119caj\u0105 do spo\u017cywania posi\u0142k\u00f3w, a cztery \u0142\u00f3\u017cko-le\u017caki \u2013 do korzystania z k\u0105pieli s\u0142onecznych. Pok\u00f3j wyposa\u017cony [&hellip;]<\/p>\n","protected":false},"author":1,"featured_media":0,"parent":0,"menu_order":0,"comment_status":"closed","ping_status":"closed","template":"","meta":{"footnotes":""},"class_list":["post-124","page","type-page","status-publish","hentry"],"_links":{"self":[{"href":"https:\/\/zaciszewgolubiu.pl\/index.php\/wp-json\/wp\/v2\/pages\/124","targetHints":{"allow":["GET"]}}],"collection":[{"href":"https:\/\/zaciszewgolubiu.pl\/index.php\/wp-json\/wp\/v2\/pages"}],"about":[{"href":"https:\/\/zaciszewgolubiu.pl\/index.php\/wp-json\/wp\/v2\/types\/page"}],"author":[{"embeddable":true,"href":"https:\/\/zaciszewgolubiu.pl\/index.php\/wp-json\/wp\/v2\/users\/1"}],"replies":[{"embeddable":true,"href":"https:\/\/zaciszewgolubiu.pl\/index.php\/wp-json\/wp\/v2\/comments?post=124"}],"version-history":[{"count":5,"href":"https:\/\/zaciszewgolubiu.pl\/index.php\/wp-json\/wp\/v2\/pages\/124\/revisions"}],"predecessor-version":[{"id":311,"href":"https:\/\/zaciszewgolubiu.pl\/index.php\/wp-json\/wp\/v2\/pages\/124\/revisions\/311"}],"wp:attachment":[{"href":"https:\/\/zaciszewgolubiu.pl\/index.php\/wp-json\/wp\/v2\/media?parent=124"}],"curies":[{"name":"wp","href":"https:\/\/api.w.org\/{rel}","templated":true}]}}